Let k be (-3 + 0)*(-2)/3. What is the tens digit of (-392)/7*(-1)/k?
2
Suppose -3*m + 4*g = 35, -2*m + 3*g = -0*g + 25. Let p = m - -26. Suppose 0*y + p = 3*y. What is the units digit of y?
7
Let l be (16/(-3))/(12/(-18)). Suppose x + 0*z = z + 8, z = -3*x + l. What is the units digit of x?
4
Let y(t) = 0*t**2 + 6*t + 2 - t**2 + 3*t**2. Let x(i) = i**2. Let v(b) = x(b) - y(b). What is the units digit of v(-3)?
7
What is the tens digit of ((-366)/24)/(2/(-8))?
6
Let g(t) = -2*t**3 + 11*t**2 - 5. Let j be g(6). Let p = j + 71. What is the tens digit of p?
3
Let a(q) = 9*q**3 - q**2 - q + 3. What is the tens digit of a(2)?
6
Let d(o) be the first derivative of o**4/4 + o**2/2 + 5*o + 1. Let a be d(0). Let i = -1 + a. What is the units digit of i?
4
Suppose -10 + 4 = -3*l. Suppose -5*w = -v - 94, l*w = 3*w + 5*v + 2. What is the units digit of w?
8
Suppose 3*s + 15 = -3. Suppose -2*f + 2*i - 2 = 0, 3*f + 0*f = -i - 15. What is the units digit of 9*f*1/s?
6
Suppose 66 = 2*j + 4*k, -5*k + 32 = 4*j - 109. What is the units digit of j?
9
Suppose 3*c = -5*v + 9, -5*c - 14 = -v - 1. Suppose -3*k + i = -11 - 13, i + 15 = 2*k. Suppose -6 = -v*u - 4*t + 42, u - k = t. What is the tens digit of u?
1
Let v be 2150/8 - (-12)/(-16). Suppose -2*q = 5*k - 84, -2*q + v = 3*q - 2*k. What is the units digit of q?
2
Let h = 4 + -2. Suppose 3*n + z + 46 = 0, -4*n - 6*z + h*z - 64 = 0. Let c = 27 + n. What is the units digit of c?
2
Let c be 12/9*(-3)/(-2). Suppose -2*h = 4*l - 6, 0 = l + 3*h + c*h + 21. What is the units digit of l?
4
Let a(x) be the second derivative of -x**3/6 - 2*x**2 + 3*x. Let n be a(-7). Suppose -32 = -n*h + 4. What is the tens digit of h?
1
Let u(d) = -d + 15. Let z be u(12). Suppose -3*t = -8 - 7. Suppose -z = -3*a, -3*s - 1 + t = a. What is the units digit of s?
1
Let a(f) = -f**2 + 6*f - 2. Let d be a(5). What is the units digit of d*(-6)/9 - -7?
5
Suppose -b - 5 = -2*b. Let q = 15 + -14. Suppose q = -b*i + 2*m, 4*i - 3*m = m - 8. What is the units digit of i?
1
Let k = 20 - 7. What is the units digit of k?
3
Let o(m) = m**3 - 9*m**2 + 9*m + 3. Let x be (-22)/(-6) - (-6)/(-9). Suppose -6*c + c + 35 = 5*g, 25 = x*c - g. What is the tens digit of o(c)?
1
Let c = 42 - 17. Suppose -20 = -3*f + c. What is the tens digit of f?
1
What is the tens digit of 0/(1 + 0) + 239?
3
Suppose 0 = y - 2*g + 8, -4*y - 23 = -4*g - 7. Suppose -2*n + y*n + j = -39, -3*n + 46 = -4*j. What is the tens digit of n?
2
Let z = -3 - -7. Let u = -3 + z. Suppose -19 - 7 = -2*s - 4*p, u = 2*s - p. What is the units digit of s?
3
Suppose 2*x + 3 = 3*x. Suppose -6 = -0*c - x*c. Suppose -w - 1 = -c. What is the units digit of w?
1
Suppose -z = -4, -4*z + 11 = -3*k - 2*z. What is the units digit of (2 - k) + 2 + 4?
9
Let c(j) be the second derivative of j**3/3 - 3*j**2 + 2*j. What is the units digit of c(4)?
2
What is the tens digit of (-148)/(-8) + 1/2?
1
Let y(h) be the third derivative of -h**6/120 - 2*h**5/15 - 5*h**4/12 + h**3/6 + 2*h**2. What is the tens digit of y(-7)?
2
Let k = 33 - 20. Let f = -4 + k. What is the units digit of f?
9
Suppose z + 3*z - 24 = 0. What is the units digit of (-4)/z*(-15)/10?
1
Let h = 52 - -72. What is the units digit of h?
4
Let v = 0 + 4. Let p(c) = c**2 - c + 5. Let k be p(0). Suppose -k*x + 19 = 3*u, v*u = x + 10 - 0. What is the units digit of u?
3
Let i be ((-1)/(-3))/(2/48). What is the tens digit of 2/i + (-412)/(-16)?
2
Let p = -39 + 22. Let z = p - -37. What is the units digit of z?
0
Let h(k) = 16*k. Let j be h(-1). Let z be j/(-7) - 2/7. Suppose z*r = -3*r + 35. What is the units digit of r?
7
Let v be (1 + 0 - 2)/(-1). Suppose 5*a = -3*q + 6, 4*q + 4*a - 5*a = -15. What is the units digit of v + 0/(1*q)?
1
Suppose -8*f = 2*w - 3*f - 285, 500 = 4*w - 4*f. What is the units digit of w/4 - (-3)/2?
4
Let d(w) = -w**2 + 11*w + 7. What is the tens digit of d(8)?
3
Let o be (-21)/(-4) + (-1)/4. Let t(u) = -6*u + 5. Let p(q) = -q. Let h(b) = 3*p(b) - t(b). What is the units digit of h(o)?
0
Let r = -6 + 6. Suppose 2*n - 30 = -2*z, r*n - 75 = -5*n + 2*z. Suppose 2*y - 3*u = 5*y - 6, -n = -5*y - 4*u. What is the units digit of y?
7
Let j = 1 + 3. Suppose -3*d + 3*g - 9 = -j*d, -d + 5*g + 25 = 0. What is the tens digit of d?
1
Let v(r) = r**3 + 8*r**2 - 10*r - 1. Let i be (-9)/(7/4 - 1). Let o be -1*i/(-1) + 3. What is the units digit of v(o)?
8
Suppose -x = x - 18. What is the units digit of x?
9
Let p = -6 - -3. Let u = 0 - p. Suppose 0 = 5*f - 3*y - 85, -8*y + u*y + 3 = 2*f. What is the tens digit of f?
1
Suppose 0 = 4*k - 6 - 10. Suppose k*z = -0*z + 24. Let c = 5 + z. What is the units digit of c?
1
Let n = 14 - 4. What is the tens digit of n?
1
Let m(w) = -2*w - 13. Let g be m(-9). Let v be (-6)/g*(-10)/2. Suppose 0 = h - 3*c - 25 + v, 4*h - c = 76. What is the units digit of h?
9
Let g = -6 + 10. Suppose 0 = -g*z + 5*z. Suppose z = 3*y - 8*y + 5. What is the units digit of y?
1
What is the tens digit of (-3)/(4/(136/(-6)))?
1
Let c(f) = -6*f + 5. Let v be c(-9). Suppose 5*b - 60 = -2*l + 7*l, -5*l + v = 2*b. What is the units digit of b?
7
Let j = -3 - -26. What is the tens digit of j?
2
Let p(x) = 3*x + 2*x - 2*x - 3. Suppose 0 = 2*s + 2*s - 12. What is the units digit of p(s)?
6
Let v(t) = -3*t - 11. Let n be v(-9). Let b = n - -5. What is the units digit of b?
1
Suppose 0*p - 3*p = 3. What is the units digit of 20 + 0/(-3) + p?
9
Let m = 108 + 48. What is the hundreds digit of m?
1
Suppose 5*f + 6 - 50 = 4*v, -v + 28 = 2*f. Suppose 0*c + 31 = 2*c - 5*j, -f = 4*j. Suppose -o - 5*u + 41 = 5, -5*u = -3*o + c. What is the tens digit of o?
1
What is the hundreds digit of (-11)/(-22) + 462/4?
1
Let t(m) = -17*m - 1. What is the tens digit of t(-6)?
0
Let t = -2 + -7. Let y(d) = d**3 + 9*d**2 - 2*d - 11. Let z be y(t). Suppose 3*i = 3*r - 30, -15 = 2*i - z*i. What is the tens digit of r?
1
Suppose -2*z = -4*z + 4. Suppose -k + 15 = -z. What is the units digit of k?
7
Suppose -3*v + f + 26 = 0, 4*f + 1 = 4*v - 31. What is the units digit of v?
9
Let g(l) = -l - 1. Suppose 2*n = -2*n + 20. Let k be g(n). Let u = k + 12. What is the units digit of u?
6
Let i = 2 - -2. What is the units digit of 13 + (-1 - i/2)?
0
Let k(u) = u**2 + 3*u - 9. Let v(t) = -t**2 - 4*t + 10. Let o(s) = 6*k(s) + 5*v(s). Let j be o(6). Suppose -4*d + j = 4. What is the units digit of d?
4
Suppose -5*a = -a - 684. What is the units digit of a?
1
Let w(c) be the first derivative of c**2/2 - c + 2. What is the units digit of w(2)?
1
Let f(m) = -6*m - 10. What is the tens digit of f(-10)?
5
Let q(x) be the third derivative of -x**5/60 + 7*x**4/24 - 2*x**2. What is the units digit of q(6)?
6
Let p be (-4)/5*(-155)/2. Suppose -q = 3*q + 5*a - p, -4*a + 10 = q. Suppose 0 = 4*c - q - 2. What is the units digit of c?
5
Suppose 5*c - 287 = 438. Suppose c = 5*m + 35. What is the tens digit of m?
2
Suppose -5*o + 5 = -0. Let v = o - 7. Let x = -2 - v. What is the units digit of x?
4
Suppose -24 + 140 = 4*z. Let x = z + -7. What is the tens digit of x?
2
Let u = 49 - -28. What is the units digit of u?
7
Suppose -m + 16 = n, -2*m - 44 = 2*n - 4*n. What is the tens digit of n?
1
Let q = -12 + 6. Let t(y) = -y + 1. Let v(r) = 6*r - 5. Let l(n) = -5*t(n) - v(n). What is the units digit of l(q)?
6
Let p = 4 + -4. Suppose p = -5*u + 4*s - 6*s + 26, 14 = 5*u - 2*s. What is the units digit of u?
4
Let z(m) = m**3 + m**2 - m + 5. Let i be z(0). Let j = -2 + i. Suppose -2*k + 15 = 5*y - 34, -y = j*k - 67. What is the units digit of k?
2
Let a be (-4)/(-4) - (1 - 83). Let z = a + -30. What is the units digit of z?
3
Let a(r) = r**2 - r + 1. Let k(b) = 18*b**2 - 6*b + 5. Let t(c) = -5*a(c) + k(c). What is the units digit of t(1)?
2
Suppose -o = 2*o. Let j(t) = o*t**2 + t**2 + t**2 + 1. What is the units digit of j(2)?
9
Let a = 111 + -41. What is the units digit of a?
0
Let w be 9/(3/2 + 0). Suppose -5*o + 14 = -w. What is the units digit of o?
4
Suppose -10 = 2*h, k = 5*k - h - 21. Let z = 6 - k. Suppose -t = z - 11. What is the units digit of t?
9
Let c be 2/(-4)*(48 - 0). What is the tens digit of (-95)/(-2)*c/(-30)?
3
Suppose 0 = v - 6 + 2. What is the tens digit of 86/6 - v/(-6)?
1
Let t = -16 - -183. What is the units digit of t?
7
Suppose -5*t + 4 = -3*t. Suppose 0 = -0*j + t*j